f(a). Let x be (-39)/(-4) - j/4. What is the greatest common factor of 25 and x?
5
Let c(b) = -b**2 - 2*b + 1. Let d be c(-3). Let m be 2/(-4)*-26 - d. Calculate the highest common divisor of 165 and m.
15
Suppose -2*g - 47 = -73. What is the highest common divisor of 52 and g?
13
Suppose 5*l - 17 + 7 = 0. Calculate the greatest common divisor of 16 and l.
2
Let u(x) = -x**2 - 3*x - 2. Let i be u(-4). Let j be (9/i)/(9/(-204)). Let s = j - 18. Calculate the highest common factor of s and 48.
16
Suppose -3*r = -15, 4*a + r - 875 = 730. Suppose 0*v - 2*v = 5*w - 193, -4*w = -5*v + a. What is the greatest common divisor of 28 and v?
28
Suppose 3*x = 3*i - 69, 5*x - 18 = -4*i + 38. Calculate the greatest common divisor of 19 and i.
19
Let x be (104/6)/(1/6). Suppose o - 2*o = -x. Suppose 0*v - o = -2*v. What is the highest common divisor of v and 13?
13
Suppose 18 = -4*k - 4*p + 174, 3*k - 112 = -2*p. Calculate the greatest common divisor of 34 and k.
34
Let a(f) = 5*f + 4. Let z be a(4). What is the greatest common divisor of 16 and z?
8
Suppose -5*o = 3*c - 5 - 7, -4*c - 4*o = -16. Suppose 0 = c*q - 12 - 16. What is the greatest common divisor of 7 and q?
7
Suppose -87*m + 80 = -85*m. What is the greatest common factor of 10 and m?
10
Suppose -239 = -5*a - 89. Calculate the greatest common factor of 15 and a.
15
Let w be (-2)/(-3)*(19 + 8). Calculate the highest common divisor of 18 and w.
18
Let q = -13 - -22. Let l(t) = -t**3 + 9*t**2 + t + 13. Let h be l(q). Calculate the greatest common factor of 11 and h.
11
Let k(r) = -4*r - 8. Let u be k(-5). Calculate the greatest common factor of 60 and u.
12
Suppose b - 1 = -0. Let c(q) = -q**3 + 10*q**2 + 7*q + 25. Let y be c(11). Let w = b - y. Calculate the greatest common divisor of 50 and w.
10
Suppose -5*d + 180 = -160. What is the greatest common divisor of 17 and d?
17
Suppose -d + 4 = -0. Let q be (-2)/d*(4 - 8). What is the highest common factor of q and 14?
2
Suppose -7*o + 20 = -2*o. Suppose o*n + 24 = 88. Calculate the greatest common factor of n and 128.
16
Suppose 0*x + 5*x - 20 = 0. Let d(c) = -c**3 + 8*c**2 - 6*c + 4. Let a be d(x). Let f be 0 - -1 - 40/(-4). What is the highest common divisor of a and f?
11
Suppose 0*y = -y. Suppose y*t + 168 = 4*t. Calculate the greatest common divisor of t and 105.
21
Let y = 188 + -134. Suppose 7*c - 4*c - y = 0. Calculate the highest common factor of c and 45.
9
Let w(b) = 26*b - 8. Let t be w(2). Calculate the greatest common factor of 4 and t.
4
Let j be (1/(-4))/(9/(-108)). Suppose -g + 8 = 2. What is the highest common factor of j and g?
3
Let q = -232 + 163. Let o = q + 231. Calculate the greatest common divisor of o and 18.
18
Let i be (-116)/(-30) + -2 + 6/45. Calculate the highest common divisor of i and 1.
1
Let a be -2*(-9)/(-3) + -1. Let r(u) = u**2 + 7*u - 7. Let l be r(a). Let k be (-120)/(-21) + (-2)/l. Calculate the highest common divisor of 6 and k.
6
Let c(l) = -2*l - 11. Let y be c(-7). Let h(f) = f**2 + 4*f. Let d be h(y). Calculate the highest common factor of 189 and d.
21
Let o = 245 + 102. Suppose -4*v + o + 113 = 0. Calculate the highest common divisor of v and 23.
23
Let k(g) = 4*g**2. Let d be k(-1). Suppose d*h + 2*p - 8 = 0, 0 = 5*h - 0*p - 2*p - 10. Calculate the highest common factor of 16 and h.
2
Let i be (-9)/12 - (-14)/8. Let f be 10/5 + 13*i. Calculate the greatest common factor of 75 and f.
15
Suppose -5*d + 4*c + c + 55 = 0, 3*c + 61 = 5*d. Calculate the greatest common factor of 7 and d.
7
Let l(t) = -39*t - 1. Let p be l(-4). Let s be 62*((-11)/(-2))/11. Calculate the highest common factor of p and s.
31
Let q = -30 + 51. Suppose -2*k + 6 = -0*k. Suppose -24 = -3*w - k. What is the highest common divisor of w and q?
7
Let y(j) = -122*j - 4. Let f be y(-4). Let n be f/6*39/26. What is the greatest common factor of 11 and n?
11
Suppose -h = 4*u - 53, -2*h + 68 = 4*u - 6*h. Let f be 11 - (8/2 - 3). Let b be (168/f)/(6/20). Calculate the highest common factor of u and b.
14
Suppose 2*c = -23 - 5. Let r = 26 + c. Let j be ((-5)/(30/16))/((-6)/108). Calculate the highest common factor of r and j.
12
Let w be 6*(-3 - 33/(-9)). Let k be (-18)/12 - (-18)/w. Calculate the greatest common divisor of 27 and k.
3
Let w = 12 - -6. What is the highest common divisor of 126 and w?
18
Let c = 23 - 14. Calculate the highest common divisor of 63 and c.
9
Let k(y) = -3*y**3 - 6*y**2 - 5*y + 1. Let v be k(-3). What is the highest common factor of v and 43?
43
Let v(u) = 54*u - 454. Let f be v(9). Suppose 323 = -2*q - 5*j + 1037, 2*q - 712 = -4*j. What is the greatest common factor of f and q?
32
Let l be 32 - (-6 - -2 - -1). What is the greatest common divisor of 7 and l?
7
Let v be (1 - (-1 - 0))*10. Suppose 5*k + 0 = v. Let b = 21 + -11. Calculate the greatest common divisor of k and b.
2
Let u = -25 - -85. Calculate the highest common factor of 420 and u.
60
Let p(n) = 2*n**3 - n**2 + 3*n - 2. Let t be p(1). Let k(o) = 3*o**3 - o - 2. Let g be k(t). Calculate the highest common factor of g and 50.
10
Let n(s) = s + 12. Let g be n(-6). Let j(h) = 3*h - 1. Let c be j(g). What is the greatest common factor of c and 85?
17
Let y(i) = i**2 - 7*i + 4. Let s be y(7). Suppose -4*h - 124 = -s*m, -m + 5*h = 2*m - 99. Let x = 199 - m. What is the greatest common factor of x and 19?
19
Let m be (3 - -14) + -1 + 2. Calculate the greatest common factor of 45 and m.
9
Suppose -4*l = -2*l - 92. Suppose -l - 26 = -3*d. What is the highest common factor of 16 and d?
8
Suppose -4*t = -6*t - 12. Let f(l) = -l**3 - 8*l**2 - 15*l - 3. Let v be f(t). Suppose -4*g + 405 = -g. What is the greatest common factor of v and g?
15
Let y(j) be the first derivative of j**4 + 5*j**3/3 + j**2 + j + 2. Let b be y(-3). Let w = -47 - b. Calculate the highest common factor of w and 7.
7
Suppose 0 = -2*p - 5*q + 90, -q - 38 = -4*p + 98. What is the greatest common divisor of 7 and p?
7
Let z be 36/(3 + -1) + (-16)/4. Calculate the highest common divisor of z and 112.
14
Let c be (-3)/(-6) - (-478)/4. Suppose -3*o = 2*o - c. Let z = 50 - o. What is the greatest common factor of 13 and z?
13
Suppose 4*j - 19 = 2*j - 3*o, 2*o = 10. Suppose -4*k = -2*b + 2 + j, k = -2*b + 29. What is the greatest common divisor of 12 and b?
12
Let g be (-108)/14 + (-2)/7. Let a = g + 12. Suppose a*k - 143 + 35 = 0. Calculate the highest common divisor of k and 9.
9
Let o be (8/6)/(-4)*-15. Suppose -2*k - 562 = -5*f, 2*f = o*f - k - 337. Calculate the greatest common factor of 14 and f.
14
Let w(r) = 0 - r**2 - 6*r + 5 + 1 + 1. Let i be w(-7). Suppose i*u + 90 = 2*u. Calculate the greatest common divisor of 18 and u.
9
Let o(a) = -3*a**3 - 1. Let y(b) = -b**3 + 6*b**2 - 6*b + 4. Let j be y(5). Let d be o(j). What is the highest common factor of d and 12?
2
Let b = -6 + 13. Calculate the highest common divisor of 21 and b.
7
Let y(a) = 3*a - 8. Let u be y(-6). Let f = 126 + u. Suppose 8*s - f = 3*s. Calculate the highest common factor of 80 and s.
20
Let c be 3000/165 + 4/(-22). Calculate the highest common divisor of c and 27.
9
Let i(h) = 39*h - 3. Suppose 4*g - z = 3, -g = -3*z + 14 - 1. Let u be i(g). Calculate the highest common divisor of 15 and u.
15
Let l(k) = 2*k + 7. Let n be l(-6). Let o = n + 9. Let x be 10*(2 + 4/(-10)). Calculate the highest common divisor of o and x.
4
Let h(p) = -7*p - 11. Let v be h(-3). Calculate the highest common divisor of v and 4.
2
Let q be (-48)/(-27) + 2/9. Let c = -224 + 240. Calculate the greatest common divisor of c and q.
2
Let u be (1 + 1)*(3 - 2). Suppose 11 = -c + 2*g, g + 4*g = u*c + 22. Let m = 26 + c. What is the highest common divisor of 5 and m?
5
Suppose 16 = a - 5. Let s(c) = c**3 + 2*c**2 - 3*c - 3. Let h(m) = -m - 12. Let p be h(-10). Let u be s(p). What is the highest common divisor of u and a?
3
Let v(c) = c - 6. Let l be v(11). Suppose l*o = 0, -z - z + 2*o = -24. Calculate the greatest common divisor of 108 and z.
12
Let y = 7 - 3. Suppose y*f - v = 3 - 0, 3 = -v. Suppose f = -2*b - 0*b + 68. What is the greatest common factor of b and 85?
17
Suppose 30 = 6*l - 5*l. Calculate the highest common factor of l and 10.
10
Let g be -4*4/24*-108. Let y(v) = 5*v**2 + v + 2. Let d be y(2). Calculate the highest common factor of d 